 thousands digit of 414524?
1
What is the ten thousands digit of 13710993?
1
What is the thousands digit of 650234?
0
What is the hundreds digit of 6434358?
3
What is the ten millions digit of 12717034?
1
What is the ten thousands digit of 527313?
2
What is the thousands digit of 4468378?
8
What is the thousands digit of 547694?
7
What is the tens digit of 323053?
5
What is the thousands digit of 3340013?
0
What is the millions digit of 2275501?
2
What is the hundred thousands digit of 10199256?
1
What is the ten thousands digit of 30539111?
3
What is the tens digit of 409532?
3
What is the thousands digit of 6693637?
3
What is the thousands digit of 1680072?
0
What is the millions digit of 10345070?
0
What is the units digit of 27108500?
0
What is the thousands digit of 464249?
4
What is the hundred thousands digit of 1202300?
2
What is the ten thousands digit of 15263451?
6
What is the thousands digit of 2558377?
8
What is the thousands digit of 191311?
1
What is the tens digit of 1501338?
3
What is the millions digit of 2747964?
2
What is the units digit of 380027?
7
What is the units digit of 20551597?
7
What is the thousands digit of 352481?
2
What is the tens digit of 808348?
4
What is the millions digit of 5140833?
5
What is the units digit of 24475392?
2
What is the units digit of 142815?
5
What is the tens digit of 440583?
8
What is the hundreds digit of 208001?
0
What is the hundred thousands digit of 1722870?
7
What is the thousands digit of 19391263?
1
What is the units digit of 27647017?
7
What is the hundred thousands digit of 210216?
2
What is the tens digit of 19027756?
5
What is the tens digit of 831360?
6
What is the millions digit of 3496056?
3
What is the tens digit of 135104?
0
What is the hundred thousands digit of 1159001?
1
What is the tens digit of 692103?
0
What is the ten thousands digit of 113907?
1
What is the thousands digit of 102639?
2
What is the ten thousands digit of 2121079?
2
What is the thousands digit of 11027?
1
What is the units digit of 2632096?
6
What is the tens digit of 13281?
8
What is the thousands digit of 152632?
2
What is the ten thousands digit of 3300231?
0
What is the ten thousands digit of 185243?
8
What is the ten thousands digit of 149346?
4
What is the thousands digit of 1448693?
8
What is the millions digit of 1281248?
1
What is the hundreds digit of 8223889?
8
What is the thousands digit of 12211818?
1
What is the units digit of 3900659?
9
What is the thousands digit of 1587606?
7
What is the thousands digit of 972173?
2
What is the thousands digit of 361855?
1
What is the ten thousands digit of 2900475?
0
What is the tens digit of 1862083?
8
What is the hundred thousands digit of 27819411?
8
What is the units digit of 859390?
0
What is the thousands digit of 4714025?
4
What is the hundreds digit of 1070723?
7
What is the ten thousands digit of 256353?
5
What is the thousands digit of 10942026?
2
What is the units digit of 1295510?
0
What is the hundred thousands digit of 264689?
2
What is the units digit of 3073218?
8
What is the hundred thousands digit of 20317562?
3
What is the tens digit of 432531?
3
What is the hundred thousands digit of 185842?
1
What is the units digit of 3621954?
4
What is the hundred thousands digit of 11493651?
4
What is the tens digit of 9684534?
3
What is the tens digit of 352868?
6
What is the hundred thousands digit of 1099805?
0
What is the hundreds digit of 921751?
7
What is the millions digit of 1417090?
1
What is the tens digit of 4329115?
1
What is the ten thousands digit of 4510026?
1
What is the units digit of 217358?
8
What is the hundreds digit of 340043?
0
What is the ten thousands digit of 55010?
5
What is the tens digit of 151562?
6
What is the ten millions digit of 41579028?
4
What is the thousands digit of 20304390?
4
What is the thousands digit of 5810588?
0
What is the hundred thousands digit of 877251?
8
What is the thousands digit of 471079?
1
What is the hundreds digit of 68386?
3
What is the hundred thousands digit of 2677594?
6
What is the units digit of 161730?
0
What is the hundred thousands digit of 876890?
8
What is the ten thousands digit of 16521498?
2
What is the hundred thousands digit of 3967677?
9
What is the hundred thousands digit of 1387784?
3
What is the thousands digit of 1340474?
0
What is the ten thousands digit of 135663?
3
What is the thousands digit of 26812898?
2
What is the hundred thousands digit of 2027558?
0
What is the units digit of 66564?
4
What is the millions digit of 1221787?
1
What is the hundreds digit of 1072460?
4
What is the ten thousands digit of 14002?
1
What is the hundred thousands digit of 15643719?
6
What is the units digit of 592660?
0
What is the millions digit of 4638831?
4
What is the units digit of 8189374?
4
What is the units digit of 822072?
2
What is the hundreds digit of 18216689?
6
What is the hundred thousands digit of 5256148?
2
What is the ten thousands digit of 281389?
8
What is the ten thousands digit of 547466?
4
What is the ten thousands digit of 5042822?
4
What is the tens digit of 37927?
2
What is the thousands digit of 518404?
8
What is the tens digit of 4780305?
0
What is the hundred thousands digit of 6411703?
4
What is the hundreds digit of 635025?
0
What is the hundreds digit of 379211?
2
What is the hundred thousands digit of 1892347?
8
What is the ten thousands digit of 45939?
4
What is the hundreds digit of 1699466?
4
What is the hundred thousands digit of 11070169?
0
What is the millions digit of 16140230?
6
What is the ten thousands digit of 232397?
3
What is the tens digit of 3834513?
1
What is the tens digit of 5998193?
9
What is the units digit of 4281750?
0
What is the hundreds digit of 313245?
2
What is the tens digit of 72318?
1
What is the tens digit of 19053242?
4
What is the tens digit of 1014521?
2
What is the millions digit of 3624159?
3
What is the hundreds digit of 108498?
4
What is the ten thousands digit of 5455899?
5
What is the ten thousands digit of 2406329?
0
What is the hundred thousands digit of 6710274?
7
What is the tens digit of 145700?
0
What is the hundred thousands digit of 1757747?
7
What is the units digit of 16832008?
8
What is the thousands digit of 105797?
5
What is the hundred thousands digit of 486973?
4
What is the thousands digit of 646038?
6
What is the units digit of 21630864?
4
What is the hundreds digit of 792015?
0
What is the millions digit of 1966176?
1
What is the ten thousands digit of 1360692?
6
What is the hundred thousands digit of 2063931?
0
What is the tens digit of 9755826?
2
What is the hundreds digit of 509286?
2
What is the ten thousands digit of 49381?
4
What is the units digit of 127678?
8
What is the tens digit of 109981?
8
What is the hundreds digit of 17657463?
4
What is the hundreds digit of 8977427?
4
What is the thousands digit of 1703125?
3
What is the hundreds digit of 132612?
6
What is the units digit of 269453?
3
What is the thousands digit of 56539?
6
What is the hundred thousands digit of 9735582?
7
What is the hundred thousands digit of 1480648?
4
What is the ten thousands digit of 102954?
0
What is the hundreds digit of 3003988?
9
What is the thousands digit of 195803?
5
What is the units digit of 26138887?
7
What is the hundred thousands digit of 103851?
1
What is the hundred thousands digit of 5346920?
3
What is the tens digit of 10451600?
0
What is the thousands digit of 2067370?
7
What is the tens digit of 173714?
1
What is the thousands digit of 9215554?
5
What is the units digit of 3070472?
2
What is the tens digit of 1347348?
4
What is the ten thousands digit of 10326826?
2
What is the tens digit of 6243943?
4
What is the hundred thousands digit of 4427181?
4
What is the units digit of 241542?
2
What is the hundred thousands digit of 8745912?
7
What is the ten thousands digit of 1072829?
7
What is the hundreds digit of 3942117?
1
What is the ten thousands digit of 3173565?
7
What is the tens digit of 236352?
5
What is the hundred thousands digit of 1997789?
9
What is the hundred thousands digit of 489856?
4
What is the units digit of 739832?
2
What is the ten thousands digit of 212585?
1
What is the units digit of 367400?
0
What is the ten thousands digit of 7696593?
9
What is the tho